- (8 + 0)) + -6.
-4
Evaluate 42 + -41 - (-4 + 2).
3
What is the value of 26 + -37 + (4 - 2)?
-9
Evaluate (-5 - -5 - -3) + (1 - -2) + -9.
-3
What is 16 + -1 - (-64 - (9 + -61))?
27
What is the value of (-6 - (-12 - -4)) + 1 + 12?
15
Calculate 2 - (-48 - -56 - (1 + 2) - 0).
-3
What is (350 - 357) + -2 + 3?
-6
What is the value of -24 - (-28 - -8) - ((-1 - 18) + 1)?
14
(12 - 3) + -6 + (22 - 11)
14
Evaluate -3 + -3 + 31 + 7 + -21 + 19.
30
What is (48 - 32) + 0 + -18 + 9?
7
Calculate -5 + 8 + -10 + 4.
-3
What is -14 + 35 + -17 + 5?
9
-41 + (6 - (-7 + 1))
-29
Evaluate 0 + (14 - 6) - (6 - 1) - 20.
-17
Calculate (-4 - (3 + -20)) + -25 + 23.
11
5 + (-12 - 1 - (1 - 12 - -12))
-9
What is the value of (-3 + 13 + -13 - 17) + 5?
-15
Evaluate 24 + -9 + (18 - 12) + 3.
24
Evaluate 14 - ((10 - (-12 - -14)) + -14).
20
What is 13 + (2 - 14 - 1) + 4?
4
Calculate 316 - 294 - (-2 + -2).
26
What is the value of (0 - 4) + (-13 - (-8 - 4))?
-5
What is the value of 0 + 9 + 4 + -9 - (-23 + 17)?
10
What is -10 + -5 + 0 + 0 + -19 + 22?
-12
What is the value of 10 - (20 - -20) - -30?
0
Evaluate -22 + 27 - 3 - 3.
-1
Evaluate -1 + 1 + (-14 + 8 - 9).
-15
What is the value of 17 - (6 + (8 - (5 + 5)))?
13
Calculate -34 - (32 + -93 + 4).
23
What is -3 - -14 - (14 - 9)?
6
What is the value of -3 + (6 - 3 - 8) - 8?
-16
Calculate -4 - 0 - (-13 + 12 - 9).
6
Calculate 4 - (-2 + 9 - -1 - 5).
1
-41 + 38 + (-1 + 1 - -5)
2
Evaluate 18 + -10 + 6 + -10 - -6.
10
Calculate 7 - (28 - 23) - -24.
26
Calculate (-1 - -5) + 9 + -5 - 1.
7
What is -2 - (4 - 2) - -8?
4
Evaluate 4 + 0 + -3 + 212 + -200.
13
Calculate -1 - -31 - (2114 - 2107).
23
What is the value of -8 + 4 + (75 - 84)?
-13
What is the value of -1 - ((19 - 3) + -9)?
-8
61 + -61 - (0 + -28)
28
Calculate 2 + 4 + -2 - (-155 - -147).
12
What is -7 + 10 + -3 + -2 - 6 - 3?
-11
What is the value of 2 + (24 - 8 - 20)?
-2
Calculate (0 - 7) + -8 + 16 + 9.
10
What is 45 - 86 - (21 - 34)?
-28
What is the value of 2 + (0 - -1) - ((-65 - -26) + 35)?
7
Calculate -7 + (7 - 1) + 4.
3
Evaluate (21 + -18 - 6) + 23.
20
Calculate 3 + 2 + (607 - 579).
33
What is (-2 - -14) + (49 - (79 - 37))?
19
Evaluate -10 + 27 + -21 - -3.
-1
Calculate -9 + 2 + 20 + -5 + 13.
21
What is the value of -1 - -39 - (-18 - (12 + (-43 - -3)))?
28
Evaluate -7 + 3 + -3 + (33 - 24).
2
Calculate 3 + 7 - (18 + 15 + -6).
-17
What is the value of 6 + -1 + (35 - 18) + -19?
3
Evaluate -15 - (468 + -483 - (15 + 1)).
16
What is -8 + 25 + -15 + -30?
-28
Evaluate (-44 - -15) + (-16 - -12) + -5.
-38
Calculate 12 - (-47 + 46 - (-2 + -1)).
10
40 - 39 - (2 + (1 - -3))
-5
What is the value of -25 + (58 + -30 - -10)?
13
Evaluate 8 - (-2 + 23 - 10) - (12 + 0).
-15
What is 13 + 0 + -5 + 15 + -12 + 2?
13
Evaluate -7 + (-12 - 0) + (0 - -8).
-11
Evaluate 4 + (-4 - -4) - ((-24 - -11) + 0).
17
Calculate (51 - 61) + 2 + 0 - -19.
11
Evaluate -12 - 14 - -6 - -10 - -1.
-9
Calculate (5 - -7) + -75 + 31.
-32
What is the value of (9 - 6) + 1 + -5 + -10?
-11
Calculate -3 + 1 + 6 - (45 + -51) - -6.
16
What is 31 + (-15 - 15 - -39 - (18 - 1))?
23
What is 18 + (-18 - 7) - 3?
-10
Evaluate (165 - 173) + -2 + 2 + 0 + -1.
-9
What is 3 + -2 + (-34 - (-58 + 20))?
5
(40 - 57) + (15 - 1)
-3
What is the value of -7 + 26 - (-46 - -81)?
-16
What is the value of -6 + (0 + -7 - -14) + 5 - -2?
8
-2 + 2 + -9 + 6 + 7
4
What is -158 - -177 - ((0 - 6) + 61)?
-36
What is -13 - 6 - (-76 + 45)?
12
What is the value of 3 - (4 - 2 - (1 + 9 + -4))?
7
Calculate 2 + -4 + 13 + (-25 - 4) + -2.
-20
34 + (13 - 29) - ((1 - 1) + 2)
16
Evaluate (-10 + 25 - 2) + 2.
15
What is the value of -24 + 0 + 25 + -10 - -29?
20
What is the value of (-7 - (18 + -1)) + 15 + -10 + 3?
-16
Evaluate 66 + -68 - (-2 - 25).
25
What is (-12 + 8 - 9) + 19?
6
What is the value of -35 + 24 - (-3 - -4)?
-12
(-19 - (-18 - 22)) + -40
-19
Evaluate 13 + -25 + -5 - -21.
4
What is 0 + 6 - (25 + -13 + -7)?
1
34 - (-26 - (-33 + -25))
2
What is (-23 - -4 - 1 - 0) + -1?
-21
Evaluate (-10 - -2) + (130 - 136) - 20.
-34
Evaluate -20 + 24 - (-11 + -14 + 28).
1
What is the value of -16 - (-23 + 17) - -18 - (2 - 2)?
8
Evaluate -17 + 13 + (5 - (3 - (-5 + 5))).
-2
What is the value of 6 + (-2 - (6 - 12)) + 1 - 0?
11
-6 + (-7 - (17 + -24))
-6
What is ((5 - 5) + -1 - -5) + -51 + 63?
16
(-14 - -30) + (-2 - 0)
14
Calculate 13 - (10 - (5 - 3) - 16) - 4.
17
Calculate (-3 - (0 - -5)) + 24 + -16 + 4.
4
What is the value of (50 - 39) + (2 - -3)?
16
Evaluate -7 - -14 - (3 + -4).
8
Calculate 66 + -26 + -1 + -24.
15
1 - (4 + 0) - (11 + -69 + 42)
13
What is (-94 - -85) + (5 - -28)?
24
What is -11 + 2 - (39 + -19 + -10)?
-19
Calculate -32 + (20 - ((-16 - -1 - -5) + 20)).
-22
Calculate (4 - -2) + 1 + -11 - 0.
-4
What is 16 - (-28 + 33) - 32?
-21
Calculate 0 + -7 + 11 - 6.
-2
Evaluate -12 + 18 + -5 - -12.
13
What is the value of 31 + -12 - (6 + 5 + 24)?
-16
What is -17 + (-8 + 0 - -12) + 4?
-9
Calculate -3 + -8 + (-11 - -8 - -4).
-10
Evaluate 1 - 1 - 3 - (0 + (-9 - 3)).
9
What is 5 + -2 + (271 - 295)?
-21
Evaluate 16 + 4 + (21 - (31 - 20)).
30
Calculate 6 + 0 - (42 - (3 - -40)).
7
Calculate -125 + 70 + 31 + -5.
-29
Calculate 2 + (-12 + -10 - 8).
-28
What is the value of (1 + -3 + 2 - -10) + 3?
13
Evaluate (-18 + 6 - (-1 + 6)) + -6.
-23
Calculate 1 + (-7 - 1) + 32 + 8 + -51.
-18
Calculate 15 + -4 + -5 - (4 + -9).
11
Evaluate (29 - 23 - (3 + 9)) + 2 + 0.
-4
(1 - 15 - -21) + (-2 - -5)
10
What is the value of (4 - (2 - (3 - 5))) + -10 - -4?
-6
What is the value of (3 - 3) + -14 + -3 + 6 + -8?
-19
Calculate -16 + 16 + (-38 - (-1 - 9)).
-28
What is the value of -11 + 7 + -10 + 23?
9
-108 + 92 + (0 - 2)
-18
-89 + 94 - (0 + 4 + (-10 - 12))
23
What is -1 + (0 - (-6 - -9) - -8) + 1?
5
Calculate 16 + (-17 - -5) - 3.
1
Calculate (-18 - -20) + 13 + -19.
-4
What is (-1 - -2) + (44 - (36 + -2))?
11
Calculate -20 + (-27 - (-56 - 15)).
24
(-8 - -2) + -2 + 8 + -8 + 2
-6
What is the value of -55 + 38 - (-9 + 7)?
-15
What is (-19 - (-15 + -3)) + -12 + 1 + 7?
-5
What is the value of 1 + -24 - (-468 + 470)?
-25
What is (-16 - 2) + 4 + 6 + 13?
5
Calculate 566 + -601 + (1 - 3) + (1 - -7).
-29
What is (-4 - -7 - -12) + -26?
-11
Evaluate (3 - (23 + -15 + -8)) + 23.
26
Evaluate (33 - -4) + (-109 - -79).
7
What is 265 - 257 - (3 - -1)?
4
(10 - (20 - 7)) + -5
-8
What is -42 + 41 - ((-4 - 0) + 21)?
-18
-5 - (-3 - -3) - (31 + -23)
-13
Calculate -3 + (-7 - -6 - -15).
11
-24 - (-34 + 19) - (-2 + 1)
-8
Calculate -83 + 90 - (0 - -1 - -6).
0
What is 8 - (0 - 0) - (-4 - (-5 - -5))?
12
What is the value of -9 + (-6 - (-5 - -3)) + (5 - 7)?
-15
What is the value of 0 - 9 - -18 - (0 - -1)?
8
Calculate (8 - 3) + (-6 - -2 - -7).
8
(-20 - (30 - 55)) + (-7 - 0) + 3
1
Calculate 3 + -2 - (83 + -79).
-3
Evaluate -2 + (-7 - (-19 - -6)) + -12.
-8
What is the value of 1 + 3 + 0 + -4 + -3 + 15?
12
What is the value of 21 + -14 + (-9 - -16) + 2?
16
-28 + 38 + -14 - (2 + (1 - -8))
-15
-12 - -11 - ((1 - 4) + -18 + 15)
5
Calculate 21 + -31 + -1 + (-1 - -10).
-2
32 - 49 - -20 - (11 + 2)
-10
What is the value of -12 + -8 + 19 + -9?
-10
Calculate (2 + 10 - 5) + 22 + -7.
22
(11 - 3) + -3 + (-5 - -6)
6
What is the value of -117 - -79 - (-6 - 3)?
-29
What is -7 + 0 + -2 + -20 + 17 + 9?
-3
Evaluate 0 + 0 - (-10 - (18 + -14 - 21)).
-7
What is 9 + (-8 - 5) - (-5 - 12)?
13
Calculate -90 + 102 - (0 - -17) - -4.
-1
Evaluate -1 - (0 + (-7 + 1 - (-36 + 42))).
11
-29 + 66 + (0 - 11)
26
What is 11 - ((-11 - -7) + 23) - (-5 - 3)?
0
Calculate 15 - 1 - (18 - -24 - 9).
-19
Calculate -3 - ((-9 - -4) + -26).
28
Evaluate -10 + (-3 - (3 + 3)) - -6.
-13
Evaluate -13 + (0 - 23) - -19.
-17
Calculate 1 - 5 - ((14 - -5) + -30).
7
What is the value of 8 + 1 - (-352 + 359) - (9 + 1)?
-8
Calculate 3 - ((-4 - 5) + 10 + -12).
14
(-11 + 3 - (-2 + -20)) + -21
-7
Evaluate 15 + (6 - 11 - -4 - (-2 - 7)).
23
What is -42 + -3 + (-781 - -813)?
-13
What is (5 + -7 - 9) + 5 + (4 - -8)?
6
Evaluate 13 + (-2 - (-6 + (-12 - -8))).
21
Evaluate (28 - (25 - 32)) + -62.
-27
What is 5 + 1 + 0 + (-4 - 0)?
2
Calculate (-26 - -70 - 86) + 35.
-7
Calculate (0 - 0) + (-10 - -11 - 4) + -4.
-7
Evaluate -10 + (-15 - (16 - 18)).
-23
Evaluate (17 - (9 + 1)) + 7.
14
(-35 - -15) + (-4 - -14)
-10
Calculate -33 + 29 - (-1 + -4).
1
What is the value of 3 - 15 - (5 + -25)?
8
What is -5 + -10 + 3 + 10 + -1 + 8?
5
Calculate -15 -